{"id":1414,"date":"2026-02-13T16:15:08","date_gmt":"2026-02-13T16:15:08","guid":{"rendered":"https:\/\/www.aproxa.pl\/Symetria\/?post_type=product&#038;p=1414"},"modified":"2026-03-02T21:02:14","modified_gmt":"2026-03-02T21:02:14","slug":"grzybice-skory-i-paznokci-w-praktyce-podologicznej","status":"publish","type":"product","link":"https:\/\/www.aproxa.pl\/Symetria\/sklep\/grzybice-skory-i-paznokci-w-praktyce-podologicznej\/","title":{"rendered":"Grzybice sk\u00f3ry i paznokci w praktyce podologicznej"},"content":{"rendered":"<!--themify_builder_content-->\n<div id=\"themify_builder_content-1414\" data-postid=\"1414\" class=\"themify_builder_content themify_builder_content-1414 themify_builder tf_clear\">\n                    <div  data-lazy=\"1\" class=\"module_row themify_builder_row tb_zmg1195 tb_first tf_w\">\n                        <div class=\"row_inner col_align_top tb_col_count_1 tf_box tf_rel\">\n                        <div  data-lazy=\"1\" class=\"module_column tb-column col-full tb_3nip195 first\">\n                    <!-- module tab -->\n<div  id=\"tb_nm3n575\" class=\"module ui module-tab tb_nm3n575 minimal  tb_default_color \" data-lazy=\"1\">\n        <div class=\"tab-nav-current-active tf_hide\">\n\t\t<span class=\"tab_burger_icon_wrap\">\n\t        <span class=\"tab_burger_icon tf_rel\"><\/span>\n\t\t<\/span>\n        <span class=\"tb_activetab_title\">\n            <span class=\"tb_tab_title\">Opis szkolenia<\/span>\n                    <\/span>\n    <\/div>\n    <ul class=\"tab-nav tf_clearfix tf_scrollbar\">\n                <li class=\"current\" aria-expanded=\"true\">\n            <a href=\"#tab-tb_nm3n575-0\">\n                                <span class=\"tb_tab_title\">Opis szkolenia<\/span>                                            <\/a>\n        <\/li>\n                <li aria-expanded=\"false\">\n            <a href=\"#tab-tb_nm3n575-1\">\n                                <span class=\"tb_tab_title\">Program szkolenia<\/span>                                            <\/a>\n        <\/li>\n                <li aria-expanded=\"false\">\n            <a href=\"#tab-tb_nm3n575-2\">\n                                <span class=\"tb_tab_title\">Terminy<\/span>                                            <\/a>\n        <\/li>\n                <li aria-expanded=\"false\">\n            <a href=\"#tab-tb_nm3n575-3\">\n                                <span class=\"tb_tab_title\">Prowadz\u0105cy<\/span>                                            <\/a>\n        <\/li>\n            <\/ul>\n            <div data-id=\"tab-tb_nm3n575-0\" class=\"tab-content tf_clear\" aria-hidden=\"false\">\n                    <div  data-lazy=\"1\" class=\"module_subrow themify_builder_sub_row tf_w col_align_top tb_col_count_1 tb_resc575\">\n                <div  data-lazy=\"1\" class=\"module_column sub_column tb_vnir575 first\">\n                    <!-- module text -->\n<div  class=\"module module-text tb_ahdn575   \" data-lazy=\"1\">\n        <div  class=\"tb_text_wrap\">\n        <h5 class=\"mb-2 mt-4 font-weight-semibold\">Cel edukacyjny<\/h5>\n<p>Uczestnik po zako\u0144czeniu us\u0142ugi przygotowany b\u0119dzie do samodzielnego opracowania aparatu paznokciowego oraz<br>sk\u00f3ry zmienionej chorobowo, a tak\u017ce b\u0119dzie posiada\u0107 wiedz\u0119 jak post\u0119powa\u0107 i programowa\u0107 terapi\u0119 przeciwgrzybicze<br>wraz z zastosowaniem preparat\u00f3w leczniczych aby by\u0142y skuteczne.<\/p>\n<h5 class=\"mb-2 mt-4 font-weight-semibold\">Efekty uczenia si\u0119<\/h5>\n<ul>\n<li>Cechuje budow\u0119 anatomiczn\u0105 stopy oraz paznokci w zakresie niezb\u0119dnym do wykonania zabiegu podologicznego w ramach us\u0142ugi kosmetologicznej.<\/li>\n<\/ul>\n<div class=\"html-content\">\n<h5>Kryteria weryfikacji efekt\u00f3w kszta\u0142cenia<\/h5>\n<ul>\n<li>Charakteryzuje zabieg podologii.<\/li>\n<\/ul>\n<h5>Metoda walidacji<\/h5>\n<p>Obserwacja w warunkach rzeczywistych, test teoretyczny.<\/p>\n<\/div>    <\/div>\n<\/div>\n<!-- \/module text -->        <\/div>\n                    <\/div>\n                <\/div>\n            <div data-id=\"tab-tb_nm3n575-1\" class=\"tab-content tf_clear\" aria-hidden=\"true\">\n                    <div  data-lazy=\"1\" class=\"module_subrow themify_builder_sub_row tf_w col_align_top tb_col_count_1 tb_sl3o575\">\n                <div  data-lazy=\"1\" class=\"module_column sub_column tb_8zkd575 first\">\n                    <!-- module text -->\n<div  class=\"module module-text tb_cq4e575   \" data-lazy=\"1\">\n        <div  class=\"tb_text_wrap\">\n        <p>Program obejmuje 10 godzin dydaktycznych<\/p>\n<p><strong>Szkolenie adresowane jest do:<\/strong> stylistek paznokci, pedicurzystek i pocz\u0105tkuj\u0105cych podolog\u00f3w, os\u00f3b chc\u0105cych poprawi\u0107 swoj\u0105 wiedz\u0119 teoretyczn\u0105, os\u00f3b chc\u0105cych poprawi\u0107 sw\u00f3j warsztat pracy, osoby potrzebuj\u0105cej wi\u0119cej pewno\u015bci siebie przy zabiegach. Wszyscy uczestnicy powinni sprawnie pos\u0142ugiwa\u0107 si\u0119 frezark\u0105 podologiczn\u0105 oraz skalpelem.<\/p>\n<p><strong>Uczestnik po zako\u0144czeniu us\u0142ugi przygotowany b\u0119dzie do:<\/strong> samodzielnego opracowania aparatu paznokciowego oraz sk\u00f3ry zmienionej chorobowo, a tak\u017ce b\u0119dzie posiada\u0107 wiedz\u0119 jak post\u0119powa\u0107 i programowa\u0107 terapi\u0119 przeciwgrzybicze wraz z zastosowaniem preparat\u00f3w leczniczych aby by\u0142y skuteczne.<\/p>\n<p>Us\u0142uga b\u0119dzie realizowana w formie <strong>wyk\u0142adu<\/strong> oraz <strong>praktycznych \u0107wicze\u0144<\/strong> na fantomach, modelkach. Uczestnicy pracuj\u0105 w parach przy stanowisku (fotel podologiczny, lampa, stolik pomocnik, akcesoria i kosmetyki do zabiegu). Liczba modelek b\u0119dzie adekwatna do potrzeb programu szkolenia. Modelki zapewniane s\u0105 przez organizatora us\u0142ugi. Organizator zapewnia niezb\u0119dne materia\u0142y dydaktyczne tzn. \u015brodki jednorazowego u\u017cytku, ochrony, narz\u0119dzia etc.<\/p>\n<p><strong>PROGRAM<\/strong><\/p>\n<p>Cz\u0119\u015b\u0107 teoretyczna<\/p>\n<ul>\n<li>BHP i ergonomia pracy w gabinecie podologicznym.<\/li>\n<li>Stanowisko pracy, jego wyposa\u017cenie i przygotowanie do zabiegu.<\/li>\n<li>Zmiany chorobowe wywo\u0142ane przez drobnoustroje &#8211; grzyby i bakterie.<\/li>\n<li>Om\u00f3wienie objaw\u00f3w chorobowych w obr\u0119bie sk\u00f3ry i aparatu paznokciowego.<\/li>\n<li>R\u00f3\u017cnicowanie chorob paznokcia wywo\u0142anych przez czynniki \u015brodowiskowe, zawodowe, kosmetyczne oraz autodestruktywne zachowanie.<\/li>\n<li>Przeprowadzenie wywiadu podmiotowego i przedmiotowego z pacjentem.<\/li>\n<li>Badanie mykologiczne &#8211; om\u00f3wienie wyniku.<\/li>\n<li>Procedury zabiegowe prawid\u0142owego wykonania specjalistycznego zabiegu.<\/li>\n<li>Om\u00f3wienie zestawu narz\u0119dzi potrzebnych do przeprowadzenia zabiegu opracowania sk\u00f3ry\/paznokcia zmienionego chorobowo oraz pobrania materia\u0142u do badania bakteriologicznego lub mykologicznego.<\/li>\n<li>Wykorzystanie odpowiednich kosmetyk\u00f3w przy wykonywanym zabiegu &#8211; wykaz preparat\u00f3w farmakologicznych.<\/li>\n<li>Taping podologiczny w praktyce podologa.<\/li>\n<li>Edukacja pacjenta &#8211; profilaktyka oraz sposoby piel\u0119gnacji po zabiegu w warunkach domowych.<\/li>\n<\/ul>\n<p>Pokaz trenera<\/p>\n<ul>\n<li>Zabieg pokazowy wykonywany na modelce przez szkoleniowca w zakresie poszczeg\u00f3lnych zdiagnozowanych schorze\u0144 w ramach tematyki obj\u0119tej programem szkolenia.<\/li>\n<\/ul>\n<p>Cz\u0119\u015b\u0107 praktyczna<\/p>\n<ul>\n<li>Zabiegi wykonywane przez uczestnika szklenia na modelkach.<\/li>\n<li>Zako\u0144czenie szkolenia i om\u00f3wienie wynik\u00f3w prac.<\/li>\n<\/ul>\n<p><strong>Warunki organizacyjno \u2013 logistyczne<\/strong><\/p>\n<p>D\u0142ugo\u015b\u0107 szkolenia \u2013 10 godzin DYDAKTYCZNYCH<\/p>\n<ul>\n<li>1 godzina dydaktyczna = 45 min,<\/li>\n<li>organizator zapewnia fantomy i modelki,<\/li>\n<li>wyk\u0142ad i dzia\u0142ania praktyczne w higienicznych i bezpiecznych warunkach pracy.<\/li>\n<\/ul>\n<p>Prosimy o zabranie na szkolenie odzie\u017cy zamiennej (fartuszk\u00f3w \u2013 bluza oraz spodnie) i obuwia zamiennego. Prosimy r\u00f3wnie\u017c aby w trakcie cz\u0119\u015bci praktycznej w\u0142osy by\u0142y upi\u0119te.<\/p>\n<p>Przerwa nie jest wliczana w czas trwania us\u0142ugi.<\/p>    <\/div>\n<\/div>\n<!-- \/module text -->        <\/div>\n                    <\/div>\n                <\/div>\n            <div data-id=\"tab-tb_nm3n575-2\" class=\"tab-content tf_clear\" aria-hidden=\"true\">\n                    <div  data-lazy=\"1\" class=\"module_subrow themify_builder_sub_row tf_w col_align_top tb_col_count_1 tb_3w8w575\">\n                <div  data-lazy=\"1\" class=\"module_column sub_column tb_njbm575 first\">\n                    <!-- module text -->\n<div  class=\"module module-text tb_o35p575   \" data-lazy=\"1\">\n        <div  class=\"tb_text_wrap\">\n        <p>Zadzwo\u0144 i zapytaj o najbli\u017csze terminy. Tel: 690 197 000<\/p>    <\/div>\n<\/div>\n<!-- \/module text -->        <\/div>\n                    <\/div>\n                <\/div>\n            <div data-id=\"tab-tb_nm3n575-3\" class=\"tab-content tf_clear\" aria-hidden=\"true\">\n                    <div  data-lazy=\"1\" class=\"module_subrow themify_builder_sub_row tf_w col_align_middle tb_col_count_2 tb_fqna575\">\n                <div  data-lazy=\"1\" class=\"module_column sub_column col4-2 tb_ttkg575 first\">\n                    <!-- module image -->\n<div  class=\"module module-image tb_2fct575 image-center circle  tf_mw\" data-lazy=\"1\">\n        <div class=\"image-wrap tf_rel tf_mw\">\n            <img decoding=\"async\" src=\"https:\/\/www.aproxa.pl\/Symetria\/wp-content\/uploads\/2026\/02\/katarzyna_menet-150x150.jpg\" height=\"150\" class=\"wp-post-image wp-image-1444\" title=\"mgr Katarzyna Menet\" alt=\"mgr Katarzyna Menet\" srcset=\"https:\/\/www.aproxa.pl\/Symetria\/wp-content\/uploads\/2026\/02\/katarzyna_menet-150x150.jpg 150w, https:\/\/www.aproxa.pl\/Symetria\/wp-content\/uploads\/2026\/02\/katarzyna_menet-300x300.jpg 300w, https:\/\/www.aproxa.pl\/Symetria\/wp-content\/uploads\/2026\/02\/katarzyna_menet-100x100.jpg 100w, https:\/\/www.aproxa.pl\/Symetria\/wp-content\/uploads\/2026\/02\/katarzyna_menet.jpg 600w\" sizes=\"(max-width: 150px) 100vw, 150px\" \/>    \n        <\/div>\n    <!-- \/image-wrap -->\n    \n        <div class=\"image-content\">\n                    <h3 class=\"image-title\">\n                                    mgr Katarzyna Menet                            <\/h3>\n                    <\/div>\n    <!-- \/image-content -->\n        <\/div>\n<!-- \/module image -->        <\/div>\n                    <div  data-lazy=\"1\" class=\"module_column sub_column col4-2 tb_f0bz575 last\">\n                    <!-- module text -->\n<div  class=\"module module-text tb_0smr575   \" data-lazy=\"1\">\n        <div  class=\"tb_text_wrap\">\n        <p>Absolwentka Wydzia\u0142u Zarz\u0105dzania i Marketingu Uniwersytetu \u015al\u0105skiego oraz Wy\u017cszej Szko\u0142y Promocji Zdrowia w Krakowie, gdzie uzyska\u0142a tytu\u0142 Kosmetologa. Uko\u0144czy\u0142a studia podyplomowe z zakresu podologii na Akademii Nauk Spo\u0142ecznych i Medycznych w Lublinie.<\/p>\n<p>Za\u0142o\u017cycielka i Pomys\u0142odawca La Symetrie, jest do\u015bwiadczonym specjalist\u0105 w dziedzinie kosmetologii i podologii.\u00a0Promuje r\u00f3wnowag\u0119 mi\u0119dzy \u017cyciem zawodowym a osobistym, co jest fundamentem jej podej\u015bcia do \u015bwiadczonej opieki. Jej celem jest stworzenie przestrzeni, w kt\u00f3rej klienci mog\u0105 kompleksowo zadba\u0107 o zdrowie, wygl\u0105d oraz samopoczucie, w duchu filozofii longevity. Wierzy, \u017ce dba\u0142o\u015b\u0107 o cia\u0142o i umys\u0142 jest kluczowa dla d\u0142ugowieczno\u015bci i jako\u015bci \u017cycia.<\/p>    <\/div>\n<\/div>\n<!-- \/module text -->        <\/div>\n                    <\/div>\n                <\/div>\n    <\/div>\n<!-- \/module tab -->\n        <\/div>\n                        <\/div>\n        <\/div>\n        <\/div>\n<!--\/themify_builder_content-->","protected":false},"excerpt":{"rendered":"<ul>\n<li aria-level=\"2\">\ud83d\udd52 Czas trwania: 1 dzie\u0144 (10h)<\/li>\n<li>\ud83d\udcc5 Termin: zadzwo\u0144 lub napisz<\/li>\n<li aria-level=\"2\">\ud83d\udccd Lokalizacja: Bibice k. Krakowa<\/li>\n<li aria-level=\"2\">\ud83d\udcdc Certyfikat: Tak (PL\/ENG)<\/li>\n<\/ul>\n","protected":false},"featured_media":1516,"template":"","meta":[],"product_brand":[],"product_cat":[25],"product_tag":[29],"class_list":{"0":"post-1414","1":"product","2":"type-product","3":"status-publish","4":"has-post-thumbnail","6":"product_cat-podologia","7":"product_tag-srednio-zaawansowani","8":"has-post-title","9":"has-post-date","10":"has-post-category","11":"has-post-tag","12":"has-post-comment","13":"has-post-author","14":"","16":"first","17":"instock","18":"virtual","19":"purchasable","20":"product-type-simple"},"builder_content":"<ul><li><h4>Opis szkolenia<\/h4><h5>Cel edukacyjny<\/h5> <p>Uczestnik po zako\u0144czeniu us\u0142ugi przygotowany b\u0119dzie do samodzielnego opracowania aparatu paznokciowego oraz<br>sk\u00f3ry zmienionej chorobowo, a tak\u017ce b\u0119dzie posiada\u0107 wiedz\u0119 jak post\u0119powa\u0107 i programowa\u0107 terapi\u0119 przeciwgrzybicze<br>wraz z zastosowaniem preparat\u00f3w leczniczych aby by\u0142y skuteczne.<\/p> <h5>Efekty uczenia si\u0119<\/h5> <ul> <li>Cechuje budow\u0119 anatomiczn\u0105 stopy oraz paznokci w zakresie niezb\u0119dnym do wykonania zabiegu podologicznego w ramach us\u0142ugi kosmetologicznej.<\/li> <\/ul> <h5>Kryteria weryfikacji efekt\u00f3w kszta\u0142cenia<\/h5> <ul> <li>Charakteryzuje zabieg podologii.<\/li> <\/ul> <h5>Metoda walidacji<\/h5> <p>Obserwacja w warunkach rzeczywistych, test teoretyczny.<\/p><\/li><li><h4>Program szkolenia<\/h4><p>Program obejmuje 10 godzin dydaktycznych<\/p> <p><strong>Szkolenie adresowane jest do:<\/strong> stylistek paznokci, pedicurzystek i pocz\u0105tkuj\u0105cych podolog\u00f3w, os\u00f3b chc\u0105cych poprawi\u0107 swoj\u0105 wiedz\u0119 teoretyczn\u0105, os\u00f3b chc\u0105cych poprawi\u0107 sw\u00f3j warsztat pracy, osoby potrzebuj\u0105cej wi\u0119cej pewno\u015bci siebie przy zabiegach. Wszyscy uczestnicy powinni sprawnie pos\u0142ugiwa\u0107 si\u0119 frezark\u0105 podologiczn\u0105 oraz skalpelem.<\/p> <p><strong>Uczestnik po zako\u0144czeniu us\u0142ugi przygotowany b\u0119dzie do:<\/strong> samodzielnego opracowania aparatu paznokciowego oraz sk\u00f3ry zmienionej chorobowo, a tak\u017ce b\u0119dzie posiada\u0107 wiedz\u0119 jak post\u0119powa\u0107 i programowa\u0107 terapi\u0119 przeciwgrzybicze wraz z zastosowaniem preparat\u00f3w leczniczych aby by\u0142y skuteczne.<\/p> <p>Us\u0142uga b\u0119dzie realizowana w formie <strong>wyk\u0142adu<\/strong> oraz <strong>praktycznych \u0107wicze\u0144<\/strong> na fantomach, modelkach. Uczestnicy pracuj\u0105 w parach przy stanowisku (fotel podologiczny, lampa, stolik pomocnik, akcesoria i kosmetyki do zabiegu). Liczba modelek b\u0119dzie adekwatna do potrzeb programu szkolenia. Modelki zapewniane s\u0105 przez organizatora us\u0142ugi. Organizator zapewnia niezb\u0119dne materia\u0142y dydaktyczne tzn. \u015brodki jednorazowego u\u017cytku, ochrony, narz\u0119dzia etc.<\/p> <p><strong>PROGRAM<\/strong><\/p> <p>Cz\u0119\u015b\u0107 teoretyczna<\/p> <ul> <li>BHP i ergonomia pracy w gabinecie podologicznym.<\/li> <li>Stanowisko pracy, jego wyposa\u017cenie i przygotowanie do zabiegu.<\/li> <li>Zmiany chorobowe wywo\u0142ane przez drobnoustroje - grzyby i bakterie.<\/li> <li>Om\u00f3wienie objaw\u00f3w chorobowych w obr\u0119bie sk\u00f3ry i aparatu paznokciowego.<\/li> <li>R\u00f3\u017cnicowanie chorob paznokcia wywo\u0142anych przez czynniki \u015brodowiskowe, zawodowe, kosmetyczne oraz autodestruktywne zachowanie.<\/li> <li>Przeprowadzenie wywiadu podmiotowego i przedmiotowego z pacjentem.<\/li> <li>Badanie mykologiczne - om\u00f3wienie wyniku.<\/li> <li>Procedury zabiegowe prawid\u0142owego wykonania specjalistycznego zabiegu.<\/li> <li>Om\u00f3wienie zestawu narz\u0119dzi potrzebnych do przeprowadzenia zabiegu opracowania sk\u00f3ry\/paznokcia zmienionego chorobowo oraz pobrania materia\u0142u do badania bakteriologicznego lub mykologicznego.<\/li> <li>Wykorzystanie odpowiednich kosmetyk\u00f3w przy wykonywanym zabiegu - wykaz preparat\u00f3w farmakologicznych.<\/li> <li>Taping podologiczny w praktyce podologa.<\/li> <li>Edukacja pacjenta - profilaktyka oraz sposoby piel\u0119gnacji po zabiegu w warunkach domowych.<\/li> <\/ul> <p>Pokaz trenera<\/p> <ul> <li>Zabieg pokazowy wykonywany na modelce przez szkoleniowca w zakresie poszczeg\u00f3lnych zdiagnozowanych schorze\u0144 w ramach tematyki obj\u0119tej programem szkolenia.<\/li> <\/ul> <p>Cz\u0119\u015b\u0107 praktyczna<\/p> <ul> <li>Zabiegi wykonywane przez uczestnika szklenia na modelkach.<\/li> <li>Zako\u0144czenie szkolenia i om\u00f3wienie wynik\u00f3w prac.<\/li> <\/ul> <p><strong>Warunki organizacyjno \u2013 logistyczne<\/strong><\/p> <p>D\u0142ugo\u015b\u0107 szkolenia \u2013 10 godzin DYDAKTYCZNYCH<\/p> <ul> <li>1 godzina dydaktyczna = 45 min,<\/li> <li>organizator zapewnia fantomy i modelki,<\/li> <li>wyk\u0142ad i dzia\u0142ania praktyczne w higienicznych i bezpiecznych warunkach pracy.<\/li> <\/ul> <p>Prosimy o zabranie na szkolenie odzie\u017cy zamiennej (fartuszk\u00f3w \u2013 bluza oraz spodnie) i obuwia zamiennego. Prosimy r\u00f3wnie\u017c aby w trakcie cz\u0119\u015bci praktycznej w\u0142osy by\u0142y upi\u0119te.<\/p> <p>Przerwa nie jest wliczana w czas trwania us\u0142ugi.<\/p><\/li><li><h4>Terminy<\/h4><p>Zadzwo\u0144 i zapytaj o najbli\u017csze terminy. Tel: 690 197 000<\/p><\/li><li><h4>Prowadz\u0105cy<\/h4><img src=\"https:\/\/www.aproxa.pl\/Symetria\/wp-content\/uploads\/2026\/02\/katarzyna_menet-150x150.jpg\" height=\"150\" title=\"mgr Katarzyna Menet\" alt=\"mgr Katarzyna Menet\" srcset=\"https:\/\/www.aproxa.pl\/Symetria\/wp-content\/uploads\/2026\/02\/katarzyna_menet-150x150.jpg 150w, https:\/\/www.aproxa.pl\/Symetria\/wp-content\/uploads\/2026\/02\/katarzyna_menet-300x300.jpg 300w, https:\/\/www.aproxa.pl\/Symetria\/wp-content\/uploads\/2026\/02\/katarzyna_menet-100x100.jpg 100w, https:\/\/www.aproxa.pl\/Symetria\/wp-content\/uploads\/2026\/02\/katarzyna_menet.jpg 600w\" sizes=\"(max-width: 150px) 100vw, 150px\" \/> <h3> mgr Katarzyna Menet <\/h3> <p>Absolwentka Wydzia\u0142u Zarz\u0105dzania i Marketingu Uniwersytetu \u015al\u0105skiego oraz Wy\u017cszej Szko\u0142y Promocji Zdrowia w Krakowie, gdzie uzyska\u0142a tytu\u0142 Kosmetologa. Uko\u0144czy\u0142a studia podyplomowe z zakresu podologii na Akademii Nauk Spo\u0142ecznych i Medycznych w Lublinie.<\/p> <p>Za\u0142o\u017cycielka i Pomys\u0142odawca La Symetrie, jest do\u015bwiadczonym specjalist\u0105 w dziedzinie kosmetologii i podologii.\u00a0Promuje r\u00f3wnowag\u0119 mi\u0119dzy \u017cyciem zawodowym a osobistym, co jest fundamentem jej podej\u015bcia do \u015bwiadczonej opieki. Jej celem jest stworzenie przestrzeni, w kt\u00f3rej klienci mog\u0105 kompleksowo zadba\u0107 o zdrowie, wygl\u0105d oraz samopoczucie, w duchu filozofii longevity. Wierzy, \u017ce dba\u0142o\u015b\u0107 o cia\u0142o i umys\u0142 jest kluczowa dla d\u0142ugowieczno\u015bci i jako\u015bci \u017cycia.<\/p><\/li><\/ul>\n<h5>Cel edukacyjny<\/h5> <p>Uczestnik po zako\u0144czeniu us\u0142ugi przygotowany b\u0119dzie do samodzielnego opracowania aparatu paznokciowego oraz<br>sk\u00f3ry zmienionej chorobowo, a tak\u017ce b\u0119dzie posiada\u0107 wiedz\u0119 jak post\u0119powa\u0107 i programowa\u0107 terapi\u0119 przeciwgrzybicze<br>wraz z zastosowaniem preparat\u00f3w leczniczych aby by\u0142y skuteczne.<\/p> <h5>Efekty uczenia si\u0119<\/h5> <ul> <li>Cechuje budow\u0119 anatomiczn\u0105 stopy oraz paznokci w zakresie niezb\u0119dnym do wykonania zabiegu podologicznego w ramach us\u0142ugi kosmetologicznej.<\/li> <\/ul>\n<h5>Kryteria weryfikacji efekt\u00f3w kszta\u0142cenia<\/h5> <ul> <li>Charakteryzuje zabieg podologii.<\/li> <\/ul> <h5>Metoda walidacji<\/h5> <p>Obserwacja w warunkach rzeczywistych, test teoretyczny.<\/p>\n<p>Program obejmuje 10 godzin dydaktycznych<\/p> <p><strong>Szkolenie adresowane jest do:<\/strong> stylistek paznokci, pedicurzystek i pocz\u0105tkuj\u0105cych podolog\u00f3w, os\u00f3b chc\u0105cych poprawi\u0107 swoj\u0105 wiedz\u0119 teoretyczn\u0105, os\u00f3b chc\u0105cych poprawi\u0107 sw\u00f3j warsztat pracy, osoby potrzebuj\u0105cej wi\u0119cej pewno\u015bci siebie przy zabiegach. Wszyscy uczestnicy powinni sprawnie pos\u0142ugiwa\u0107 si\u0119 frezark\u0105 podologiczn\u0105 oraz skalpelem.<\/p> <p><strong>Uczestnik po zako\u0144czeniu us\u0142ugi przygotowany b\u0119dzie do:<\/strong> samodzielnego opracowania aparatu paznokciowego oraz sk\u00f3ry zmienionej chorobowo, a tak\u017ce b\u0119dzie posiada\u0107 wiedz\u0119 jak post\u0119powa\u0107 i programowa\u0107 terapi\u0119 przeciwgrzybicze wraz z zastosowaniem preparat\u00f3w leczniczych aby by\u0142y skuteczne.<\/p> <p>Us\u0142uga b\u0119dzie realizowana w formie <strong>wyk\u0142adu<\/strong> oraz <strong>praktycznych \u0107wicze\u0144<\/strong> na fantomach, modelkach. Uczestnicy pracuj\u0105 w parach przy stanowisku (fotel podologiczny, lampa, stolik pomocnik, akcesoria i kosmetyki do zabiegu). Liczba modelek b\u0119dzie adekwatna do potrzeb programu szkolenia. Modelki zapewniane s\u0105 przez organizatora us\u0142ugi. Organizator zapewnia niezb\u0119dne materia\u0142y dydaktyczne tzn. \u015brodki jednorazowego u\u017cytku, ochrony, narz\u0119dzia etc.<\/p> <p><strong>PROGRAM<\/strong><\/p> <p>Cz\u0119\u015b\u0107 teoretyczna<\/p> <ul> <li>BHP i ergonomia pracy w gabinecie podologicznym.<\/li> <li>Stanowisko pracy, jego wyposa\u017cenie i przygotowanie do zabiegu.<\/li> <li>Zmiany chorobowe wywo\u0142ane przez drobnoustroje - grzyby i bakterie.<\/li> <li>Om\u00f3wienie objaw\u00f3w chorobowych w obr\u0119bie sk\u00f3ry i aparatu paznokciowego.<\/li> <li>R\u00f3\u017cnicowanie chorob paznokcia wywo\u0142anych przez czynniki \u015brodowiskowe, zawodowe, kosmetyczne oraz autodestruktywne zachowanie.<\/li> <li>Przeprowadzenie wywiadu podmiotowego i przedmiotowego z pacjentem.<\/li> <li>Badanie mykologiczne - om\u00f3wienie wyniku.<\/li> <li>Procedury zabiegowe prawid\u0142owego wykonania specjalistycznego zabiegu.<\/li> <li>Om\u00f3wienie zestawu narz\u0119dzi potrzebnych do przeprowadzenia zabiegu opracowania sk\u00f3ry\/paznokcia zmienionego chorobowo oraz pobrania materia\u0142u do badania bakteriologicznego lub mykologicznego.<\/li> <li>Wykorzystanie odpowiednich kosmetyk\u00f3w przy wykonywanym zabiegu - wykaz preparat\u00f3w farmakologicznych.<\/li> <li>Taping podologiczny w praktyce podologa.<\/li> <li>Edukacja pacjenta - profilaktyka oraz sposoby piel\u0119gnacji po zabiegu w warunkach domowych.<\/li> <\/ul> <p>Pokaz trenera<\/p> <ul> <li>Zabieg pokazowy wykonywany na modelce przez szkoleniowca w zakresie poszczeg\u00f3lnych zdiagnozowanych schorze\u0144 w ramach tematyki obj\u0119tej programem szkolenia.<\/li> <\/ul> <p>Cz\u0119\u015b\u0107 praktyczna<\/p> <ul> <li>Zabiegi wykonywane przez uczestnika szklenia na modelkach.<\/li> <li>Zako\u0144czenie szkolenia i om\u00f3wienie wynik\u00f3w prac.<\/li> <\/ul> <p><strong>Warunki organizacyjno \u2013 logistyczne<\/strong><\/p> <p>D\u0142ugo\u015b\u0107 szkolenia \u2013 10 godzin DYDAKTYCZNYCH<\/p> <ul> <li>1 godzina dydaktyczna = 45 min,<\/li> <li>organizator zapewnia fantomy i modelki,<\/li> <li>wyk\u0142ad i dzia\u0142ania praktyczne w higienicznych i bezpiecznych warunkach pracy.<\/li> <\/ul> <p>Prosimy o zabranie na szkolenie odzie\u017cy zamiennej (fartuszk\u00f3w \u2013 bluza oraz spodnie) i obuwia zamiennego. Prosimy r\u00f3wnie\u017c aby w trakcie cz\u0119\u015bci praktycznej w\u0142osy by\u0142y upi\u0119te.<\/p> <p>Przerwa nie jest wliczana w czas trwania us\u0142ugi.<\/p>\n<p>Zadzwo\u0144 i zapytaj o najbli\u017csze terminy. Tel: 690 197 000<\/p>\n<img src=\"https:\/\/www.aproxa.pl\/Symetria\/wp-content\/uploads\/2026\/02\/katarzyna_menet-150x150.jpg\" height=\"150\" title=\"mgr Katarzyna Menet\" alt=\"mgr Katarzyna Menet\" srcset=\"https:\/\/www.aproxa.pl\/Symetria\/wp-content\/uploads\/2026\/02\/katarzyna_menet-150x150.jpg 150w, https:\/\/www.aproxa.pl\/Symetria\/wp-content\/uploads\/2026\/02\/katarzyna_menet-300x300.jpg 300w, https:\/\/www.aproxa.pl\/Symetria\/wp-content\/uploads\/2026\/02\/katarzyna_menet-100x100.jpg 100w, https:\/\/www.aproxa.pl\/Symetria\/wp-content\/uploads\/2026\/02\/katarzyna_menet.jpg 600w\" sizes=\"(max-width: 150px) 100vw, 150px\" \/> <h3> mgr Katarzyna Menet <\/h3>\n<p>Absolwentka Wydzia\u0142u Zarz\u0105dzania i Marketingu Uniwersytetu \u015al\u0105skiego oraz Wy\u017cszej Szko\u0142y Promocji Zdrowia w Krakowie, gdzie uzyska\u0142a tytu\u0142 Kosmetologa. Uko\u0144czy\u0142a studia podyplomowe z zakresu podologii na Akademii Nauk Spo\u0142ecznych i Medycznych w Lublinie.<\/p> <p>Za\u0142o\u017cycielka i Pomys\u0142odawca La Symetrie, jest do\u015bwiadczonym specjalist\u0105 w dziedzinie kosmetologii i podologii.\u00a0Promuje r\u00f3wnowag\u0119 mi\u0119dzy \u017cyciem zawodowym a osobistym, co jest fundamentem jej podej\u015bcia do \u015bwiadczonej opieki. Jej celem jest stworzenie przestrzeni, w kt\u00f3rej klienci mog\u0105 kompleksowo zadba\u0107 o zdrowie, wygl\u0105d oraz samopoczucie, w duchu filozofii longevity. Wierzy, \u017ce dba\u0142o\u015b\u0107 o cia\u0142o i umys\u0142 jest kluczowa dla d\u0142ugowieczno\u015bci i jako\u015bci \u017cycia.<\/p>","_links":{"self":[{"href":"https:\/\/www.aproxa.pl\/Symetria\/wp-json\/wp\/v2\/product\/1414","targetHints":{"allow":["GET"]}}],"collection":[{"href":"https:\/\/www.aproxa.pl\/Symetria\/wp-json\/wp\/v2\/product"}],"about":[{"href":"https:\/\/www.aproxa.pl\/Symetria\/wp-json\/wp\/v2\/types\/product"}],"wp:featuredmedia":[{"embeddable":true,"href":"https:\/\/www.aproxa.pl\/Symetria\/wp-json\/wp\/v2\/media\/1516"}],"wp:attachment":[{"href":"https:\/\/www.aproxa.pl\/Symetria\/wp-json\/wp\/v2\/media?parent=1414"}],"wp:term":[{"taxonomy":"product_brand","embeddable":true,"href":"https:\/\/www.aproxa.pl\/Symetria\/wp-json\/wp\/v2\/product_brand?post=1414"},{"taxonomy":"product_cat","embeddable":true,"href":"https:\/\/www.aproxa.pl\/Symetria\/wp-json\/wp\/v2\/product_cat?post=1414"},{"taxonomy":"product_tag","embeddable":true,"href":"https:\/\/www.aproxa.pl\/Symetria\/wp-json\/wp\/v2\/product_tag?post=1414"}],"curies":[{"name":"wp","href":"https:\/\/api.w.org\/{rel}","templated":true}]}}