{"id":20,"date":"2025-11-14T19:18:08","date_gmt":"2025-11-14T19:18:08","guid":{"rendered":"https:\/\/www.aproxa.pl\/Symetria\/?post_type=product&#038;p=20"},"modified":"2026-03-02T20:08:50","modified_gmt":"2026-03-02T20:08:50","slug":"hiperkeratozy-w-gabinecie-podologicznym","status":"publish","type":"product","link":"https:\/\/www.aproxa.pl\/Symetria\/sklep\/hiperkeratozy-w-gabinecie-podologicznym\/","title":{"rendered":"Hiperkeratozy w gabinecie podologicznym"},"content":{"rendered":"<!--themify_builder_content-->\n<div id=\"themify_builder_content-20\" data-postid=\"20\" class=\"themify_builder_content themify_builder_content-20 themify_builder tf_clear\">\n                    <div  data-lazy=\"1\" class=\"module_row themify_builder_row tb_by9s521 tb_first tf_w\">\n                        <div class=\"row_inner col_align_top tb_col_count_1 tf_box tf_rel\">\n                        <div  data-lazy=\"1\" class=\"module_column tb-column col-full tb_qx4b521 first\">\n                    <!-- module tab -->\n<div  id=\"tb_5s2a613\" class=\"module ui module-tab tb_5s2a613 minimal  tb_default_color \" data-lazy=\"1\">\n        <div class=\"tab-nav-current-active tf_hide\">\n\t\t<span class=\"tab_burger_icon_wrap\">\n\t        <span class=\"tab_burger_icon tf_rel\"><\/span>\n\t\t<\/span>\n        <span class=\"tb_activetab_title\">\n            <span class=\"tb_tab_title\">Opis szkolenia<\/span>\n                    <\/span>\n    <\/div>\n    <ul class=\"tab-nav tf_clearfix tf_scrollbar\">\n                <li class=\"current\" aria-expanded=\"true\">\n            <a href=\"#tab-tb_5s2a613-0\">\n                                <span class=\"tb_tab_title\">Opis szkolenia<\/span>                                            <\/a>\n        <\/li>\n                <li aria-expanded=\"false\">\n            <a href=\"#tab-tb_5s2a613-1\">\n                                <span class=\"tb_tab_title\">Program szkolenia<\/span>                                            <\/a>\n        <\/li>\n                <li aria-expanded=\"false\">\n            <a href=\"#tab-tb_5s2a613-2\">\n                                <span class=\"tb_tab_title\">Terminy<\/span>                                            <\/a>\n        <\/li>\n                <li aria-expanded=\"false\">\n            <a href=\"#tab-tb_5s2a613-3\">\n                                <span class=\"tb_tab_title\">Prowadz\u0105cy<\/span>                                            <\/a>\n        <\/li>\n            <\/ul>\n            <div data-id=\"tab-tb_5s2a613-0\" class=\"tab-content tf_clear\" aria-hidden=\"false\">\n                    <div  data-lazy=\"1\" class=\"module_subrow themify_builder_sub_row tf_w col_align_top tb_col_count_1 tb_8kmx613\">\n                <div  data-lazy=\"1\" class=\"module_column sub_column tb_etet613 first\">\n                    <!-- module text -->\n<div  class=\"module module-text tb_a6g8613   \" data-lazy=\"1\">\n        <div  class=\"tb_text_wrap\">\n        <h5 class=\"mb-2 mt-4 font-weight-semibold\">Cel edukacyjny<\/h5>\n<p>\u00a0<\/p>\n<h5 class=\"mb-2 mt-4 font-weight-semibold\">Efekty uczenia si\u0119<\/h5>\n<div class=\"html-content\">\n<p>\u00a0<\/p>\n<h5>Kryteria weryfikacji efekt\u00f3w kszta\u0142cenia<\/h5>\n<p>\u00a0<\/p>\n<\/div>    <\/div>\n<\/div>\n<!-- \/module text -->        <\/div>\n                    <\/div>\n                <\/div>\n            <div data-id=\"tab-tb_5s2a613-1\" class=\"tab-content tf_clear\" aria-hidden=\"true\">\n                    <div  data-lazy=\"1\" class=\"module_subrow themify_builder_sub_row tf_w col_align_top tb_col_count_1 tb_qe51613\">\n                <div  data-lazy=\"1\" class=\"module_column sub_column tb_dyq3613 first\">\n                    <!-- module text -->\n<div  class=\"module module-text tb_p3dw613   \" data-lazy=\"1\">\n        <div  class=\"tb_text_wrap\">\n        <p>Program obejmuje XX godzin dydaktycznych<\/p>\n<p><strong>DZIE\u0143 I<\/strong><\/p>\n<p>\u00a0<\/p>\n<p><strong>DZIE\u0143 II<\/strong><\/p>\n<p>\u00a0<\/p>\n<p><strong>DZIE\u0143 III<\/strong><\/p>\n<p>\u00a0<\/p>\n<ul>\n<li style=\"list-style-type: none;\">\u00a0<\/li>\n<\/ul>    <\/div>\n<\/div>\n<!-- \/module text -->        <\/div>\n                    <\/div>\n                <\/div>\n            <div data-id=\"tab-tb_5s2a613-2\" class=\"tab-content tf_clear\" aria-hidden=\"true\">\n                    <div  data-lazy=\"1\" class=\"module_subrow themify_builder_sub_row tf_w col_align_top tb_col_count_1 tb_7w22613\">\n                <div  data-lazy=\"1\" class=\"module_column sub_column tb_kg1n613 first\">\n                    <!-- module text -->\n<div  class=\"module module-text tb_o0za613   \" data-lazy=\"1\">\n        <div  class=\"tb_text_wrap\">\n        <p>Zadzwo\u0144 i zapytaj o najbli\u017csze terminy. tel: 690197000<\/p>    <\/div>\n<\/div>\n<!-- \/module text -->        <\/div>\n                    <\/div>\n                <\/div>\n            <div data-id=\"tab-tb_5s2a613-3\" class=\"tab-content tf_clear\" aria-hidden=\"true\">\n                    <div  data-lazy=\"1\" class=\"module_subrow themify_builder_sub_row tf_w col_align_middle tb_col_count_2 tb_z7t8613\">\n                <div  data-lazy=\"1\" class=\"module_column sub_column col4-2 tb_z472613 first\">\n                    <!-- module image -->\n<div  class=\"module module-image tb_5atk613 image-center circle  tf_mw\" data-lazy=\"1\">\n        <div class=\"image-wrap tf_rel tf_mw\">\n            <img decoding=\"async\" src=\"https:\/\/www.aproxa.pl\/Symetria\/wp-content\/uploads\/2026\/02\/wiktoria_wlasinska-150x150.jpg\" height=\"150\" class=\"wp-post-image wp-image-1409\" title=\"mgr Wiktoria W\u0142asi\u0144ska\" alt=\"mgr Wiktoria W\u0142asi\u0144ska\" srcset=\"https:\/\/www.aproxa.pl\/Symetria\/wp-content\/uploads\/2026\/02\/wiktoria_wlasinska-150x150.jpg 150w, https:\/\/www.aproxa.pl\/Symetria\/wp-content\/uploads\/2026\/02\/wiktoria_wlasinska-300x300.jpg 300w, https:\/\/www.aproxa.pl\/Symetria\/wp-content\/uploads\/2026\/02\/wiktoria_wlasinska-100x100.jpg 100w, https:\/\/www.aproxa.pl\/Symetria\/wp-content\/uploads\/2026\/02\/wiktoria_wlasinska.jpg 600w\" sizes=\"(max-width: 150px) 100vw, 150px\" \/>    \n        <\/div>\n    <!-- \/image-wrap -->\n    \n        <div class=\"image-content\">\n                    <h3 class=\"image-title\">\n                                    mgr Wiktoria W\u0142asi\u0144ska                            <\/h3>\n                    <\/div>\n    <!-- \/image-content -->\n        <\/div>\n<!-- \/module image -->        <\/div>\n                    <div  data-lazy=\"1\" class=\"module_column sub_column col4-2 tb_juuv613 last\">\n                    <!-- module text -->\n<div  class=\"module module-text tb_s8za613   \" data-lazy=\"1\">\n        <div  class=\"tb_text_wrap\">\n        <p>Magister kosmetologii, od 5 lat spe\u0142nia swoje ambicje w bran\u017cy beauty. Certyfikowana specjalistka w pracy z urz\u0105dzeniami medycznymi i kosmetologicznymi najnowszej technologii. Nieustannie podnosz\u0105ca swoje kwalifikacje, stawiaj\u0105ca na ci\u0105g\u0142y rozw\u00f3j aby zapewni\u0107 us\u0142ugi na najwy\u017cszym poziomie. Jej celem jest nie tylko poprawa wygl\u0105du ale tak\u017ce budowanie pewno\u015bci siebie i komfortu swoich klient\u00f3w. Uwielbia prac\u0119 z lud\u017ami i mo\u017cliwo\u015b\u0107 pomagania innym w osi\u0105ganiu cel\u00f3w piel\u0119gnacyjnych.<\/p>    <\/div>\n<\/div>\n<!-- \/module text -->        <\/div>\n                    <\/div>\n                <\/div>\n    <\/div>\n<!-- \/module tab -->\n        <\/div>\n                        <\/div>\n        <\/div>\n        <\/div>\n<!--\/themify_builder_content-->","protected":false},"excerpt":{"rendered":"<ul>\n<li style=\"font-weight: 400;\" aria-level=\"2\"><span style=\"font-weight: 400;\">\ud83d\udd52 Czas trwania: 2 dni (10h)<\/span><\/li>\n<li>\ud83d\udcc5 Termin: zadzwo\u0144 lub napisz<\/li>\n<li style=\"font-weight: 400;\" aria-level=\"2\"><span style=\"font-weight: 400;\">\ud83d\udccd Lokalizacja: Bibice k. Krakowa<\/span><\/li>\n<li style=\"font-weight: 400;\" aria-level=\"2\"><span style=\"font-weight: 400;\">\ud83d\udcdc Certyfikat: Tak (PL\/ENG)<\/span><\/li>\n<\/ul>\n","protected":false},"featured_media":15,"template":"","meta":[],"product_brand":[],"product_cat":[25],"product_tag":[30],"class_list":{"0":"post-20","1":"product","2":"type-product","3":"status-publish","4":"has-post-thumbnail","6":"product_cat-podologia","7":"product_tag-zaawansowani","8":"has-post-title","9":"has-post-date","10":"has-post-category","11":"has-post-tag","12":"has-post-comment","13":"has-post-author","14":"","16":"first","17":"instock","18":"virtual","19":"purchasable","20":"product-type-simple"},"builder_content":"<ul><li><h4>Opis szkolenia<\/h4><h5>Cel edukacyjny<\/h5> <p>\u00a0<\/p> <h5>Efekty uczenia si\u0119<\/h5> <p>\u00a0<\/p> <h5>Kryteria weryfikacji efekt\u00f3w kszta\u0142cenia<\/h5> <p>\u00a0<\/p><\/li><li><h4>Program szkolenia<\/h4><p>Program obejmuje XX godzin dydaktycznych<\/p> <p><strong>DZIE\u0143 I<\/strong><\/p> <p>\u00a0<\/p> <p><strong>DZIE\u0143 II<\/strong><\/p> <p>\u00a0<\/p> <p><strong>DZIE\u0143 III<\/strong><\/p> <p>\u00a0<\/p> <ul> <li style=\"list-style-type: none;\">\u00a0<\/li> <\/ul><\/li><li><h4>Terminy<\/h4><p>Zadzwo\u0144 i zapytaj o najbli\u017csze terminy. tel: 690197000<\/p><\/li><li><h4>Prowadz\u0105cy<\/h4><img src=\"https:\/\/www.aproxa.pl\/Symetria\/wp-content\/uploads\/2026\/02\/wiktoria_wlasinska-150x150.jpg\" height=\"150\" title=\"mgr Wiktoria W\u0142asi\u0144ska\" alt=\"mgr Wiktoria W\u0142asi\u0144ska\" srcset=\"https:\/\/www.aproxa.pl\/Symetria\/wp-content\/uploads\/2026\/02\/wiktoria_wlasinska-150x150.jpg 150w, https:\/\/www.aproxa.pl\/Symetria\/wp-content\/uploads\/2026\/02\/wiktoria_wlasinska-300x300.jpg 300w, https:\/\/www.aproxa.pl\/Symetria\/wp-content\/uploads\/2026\/02\/wiktoria_wlasinska-100x100.jpg 100w, https:\/\/www.aproxa.pl\/Symetria\/wp-content\/uploads\/2026\/02\/wiktoria_wlasinska.jpg 600w\" sizes=\"(max-width: 150px) 100vw, 150px\" \/> <h3> mgr Wiktoria W\u0142asi\u0144ska <\/h3> <p>Magister kosmetologii, od 5 lat spe\u0142nia swoje ambicje w bran\u017cy beauty. Certyfikowana specjalistka w pracy z urz\u0105dzeniami medycznymi i kosmetologicznymi najnowszej technologii. Nieustannie podnosz\u0105ca swoje kwalifikacje, stawiaj\u0105ca na ci\u0105g\u0142y rozw\u00f3j aby zapewni\u0107 us\u0142ugi na najwy\u017cszym poziomie. Jej celem jest nie tylko poprawa wygl\u0105du ale tak\u017ce budowanie pewno\u015bci siebie i komfortu swoich klient\u00f3w. Uwielbia prac\u0119 z lud\u017ami i mo\u017cliwo\u015b\u0107 pomagania innym w osi\u0105ganiu cel\u00f3w piel\u0119gnacyjnych.<\/p><\/li><\/ul>\n<h5>Cel edukacyjny<\/h5> <p>\u00a0<\/p> <h5>Efekty uczenia si\u0119<\/h5>\n<p>\u00a0<\/p> <h5>Kryteria weryfikacji efekt\u00f3w kszta\u0142cenia<\/h5> <p>\u00a0<\/p>\n<p>Program obejmuje XX godzin dydaktycznych<\/p> <p><strong>DZIE\u0143 I<\/strong><\/p> <p>\u00a0<\/p> <p><strong>DZIE\u0143 II<\/strong><\/p> <p>\u00a0<\/p> <p><strong>DZIE\u0143 III<\/strong><\/p> <p>\u00a0<\/p> <ul> <li style=\"list-style-type: none;\">\u00a0<\/li> <\/ul>\n<p>Zadzwo\u0144 i zapytaj o najbli\u017csze terminy. tel: 690197000<\/p>\n<img src=\"https:\/\/www.aproxa.pl\/Symetria\/wp-content\/uploads\/2026\/02\/wiktoria_wlasinska-150x150.jpg\" height=\"150\" title=\"mgr Wiktoria W\u0142asi\u0144ska\" alt=\"mgr Wiktoria W\u0142asi\u0144ska\" srcset=\"https:\/\/www.aproxa.pl\/Symetria\/wp-content\/uploads\/2026\/02\/wiktoria_wlasinska-150x150.jpg 150w, https:\/\/www.aproxa.pl\/Symetria\/wp-content\/uploads\/2026\/02\/wiktoria_wlasinska-300x300.jpg 300w, https:\/\/www.aproxa.pl\/Symetria\/wp-content\/uploads\/2026\/02\/wiktoria_wlasinska-100x100.jpg 100w, https:\/\/www.aproxa.pl\/Symetria\/wp-content\/uploads\/2026\/02\/wiktoria_wlasinska.jpg 600w\" sizes=\"(max-width: 150px) 100vw, 150px\" \/> <h3> mgr Wiktoria W\u0142asi\u0144ska <\/h3>\n<p>Magister kosmetologii, od 5 lat spe\u0142nia swoje ambicje w bran\u017cy beauty. Certyfikowana specjalistka w pracy z urz\u0105dzeniami medycznymi i kosmetologicznymi najnowszej technologii. Nieustannie podnosz\u0105ca swoje kwalifikacje, stawiaj\u0105ca na ci\u0105g\u0142y rozw\u00f3j aby zapewni\u0107 us\u0142ugi na najwy\u017cszym poziomie. Jej celem jest nie tylko poprawa wygl\u0105du ale tak\u017ce budowanie pewno\u015bci siebie i komfortu swoich klient\u00f3w. Uwielbia prac\u0119 z lud\u017ami i mo\u017cliwo\u015b\u0107 pomagania innym w osi\u0105ganiu cel\u00f3w piel\u0119gnacyjnych.<\/p>","_links":{"self":[{"href":"https:\/\/www.aproxa.pl\/Symetria\/wp-json\/wp\/v2\/product\/20","targetHints":{"allow":["GET"]}}],"collection":[{"href":"https:\/\/www.aproxa.pl\/Symetria\/wp-json\/wp\/v2\/product"}],"about":[{"href":"https:\/\/www.aproxa.pl\/Symetria\/wp-json\/wp\/v2\/types\/product"}],"wp:featuredmedia":[{"embeddable":true,"href":"https:\/\/www.aproxa.pl\/Symetria\/wp-json\/wp\/v2\/media\/15"}],"wp:attachment":[{"href":"https:\/\/www.aproxa.pl\/Symetria\/wp-json\/wp\/v2\/media?parent=20"}],"wp:term":[{"taxonomy":"product_brand","embeddable":true,"href":"https:\/\/www.aproxa.pl\/Symetria\/wp-json\/wp\/v2\/product_brand?post=20"},{"taxonomy":"product_cat","embeddable":true,"href":"https:\/\/www.aproxa.pl\/Symetria\/wp-json\/wp\/v2\/product_cat?post=20"},{"taxonomy":"product_tag","embeddable":true,"href":"https:\/\/www.aproxa.pl\/Symetria\/wp-json\/wp\/v2\/product_tag?post=20"}],"curies":[{"name":"wp","href":"https:\/\/api.w.org\/{rel}","templated":true}]}}